{"id":63,"date":"2025-12-17T20:43:29","date_gmt":"2025-12-17T20:43:29","guid":{"rendered":"https:\/\/wc.kapipago.com\/index.php\/producto\/medellin-de-luces-cali-eje-cafetero-int-10-01-2025-2\/"},"modified":"2026-01-05T23:58:29","modified_gmt":"2026-01-05T23:58:29","slug":"medellin-de-luces-calieje-cafetero-temporada-agosto-septiembre-2025","status":"publish","type":"product","link":"https:\/\/wc.kapipago.com\/index.php\/producto\/medellin-de-luces-calieje-cafetero-temporada-agosto-septiembre-2025\/","title":{"rendered":"MEDELLIN DE LUCES CALI-EJE CAFETERO &#8211; Temporada Agosto &#8211; Septiembre 2025"},"content":{"rendered":"<h3>Itinerario<\/h3>\n<ul>\n<li>Traslados Incluidos oficina \u2013 aeropuerto &#8211; oficina,Ticket a\u00e9reo Quito \u2013 Cali \/ Medell\u00edn &#8211; Quito,Ticket a\u00e9reo Eje Cafetero &#8211; Medell\u00edn,2 noches alojamiento en Cali hotel 5*****,Explora la ciudad Cali y visita su Zool\u00f3gico,Recorrido nocturno en chiva por Cali,Municipio de Buga, Bas\u00edlica del se\u00f1or de los Milagros,Visita al pintoresco pueblito de Filandia,Marav\u00edllate en el hermoso mirador de Encanto,3 noches en el Hotel Decameron Eje Cafetero Explora el Parque de Panaca, estaciones y shows,Visita al Parque Nacional del Caf\u00e9 y sus juegos 3 noches de alojamiento en Medell\u00edn hotel *****,City tour en Medell\u00edn,Experimenta el Metro y Metrocable,Paseo en barco tur\u00edstico y visita la piedra El Pe\u00f1\u00f3n.,Tour de Compras en Medellin + Show de trova y humor,Desayunos, almuerzos y cenas seg\u00fan itinerario,Disfruta de las iluminaciones y luces en Medell\u00edn<\/li>\n<\/ul>\n<h3>Incluye<\/h3>\n<ul>\n<\/ul>\n<h3>No incluye<\/h3>\n<ul>\n<li>Seguro de viaje<\/li>\n<li>Alimentaci\u00f3n no descrita en el itinerario<\/li>\n<li>Propinas a gu\u00edas y maleteros<\/li>\n<li>Gastos personales<\/li>\n<\/ul>\n<h3>Fechas<\/h3>\n<p>13 de oct. de 2025<\/p>\n","protected":false},"excerpt":{"rendered":"<p>    ILUMINACIONES<br \/>\n    <b>Fecha de salida:<\/b> 13 de oct. de 2025<br \/>\n    <b>Lugar de salida:<\/b> sdsd<br \/>\n    <b>Ciudades:<\/b> CALI, BUGA, SALENTO, EJE CAFETERO, MEDELL\u00cdN, GUATAP\u00c9<\/p>\n","protected":false},"featured_media":105,"comment_status":"open","ping_status":"closed","template":"","meta":[],"product_brand":[],"product_cat":[17],"product_tag":[],"class_list":{"0":"post-63","1":"product","2":"type-product","3":"status-publish","4":"has-post-thumbnail","6":"product_cat-viajes-internacionales","8":"first","9":"instock","10":"shipping-taxable","11":"product-type-external"},"_links":{"self":[{"href":"https:\/\/wc.kapipago.com\/index.php\/wp-json\/wp\/v2\/product\/63","targetHints":{"allow":["GET"]}}],"collection":[{"href":"https:\/\/wc.kapipago.com\/index.php\/wp-json\/wp\/v2\/product"}],"about":[{"href":"https:\/\/wc.kapipago.com\/index.php\/wp-json\/wp\/v2\/types\/product"}],"replies":[{"embeddable":true,"href":"https:\/\/wc.kapipago.com\/index.php\/wp-json\/wp\/v2\/comments?post=63"}],"wp:featuredmedia":[{"embeddable":true,"href":"https:\/\/wc.kapipago.com\/index.php\/wp-json\/wp\/v2\/media\/105"}],"wp:attachment":[{"href":"https:\/\/wc.kapipago.com\/index.php\/wp-json\/wp\/v2\/media?parent=63"}],"wp:term":[{"taxonomy":"product_brand","embeddable":true,"href":"https:\/\/wc.kapipago.com\/index.php\/wp-json\/wp\/v2\/product_brand?post=63"},{"taxonomy":"product_cat","embeddable":true,"href":"https:\/\/wc.kapipago.com\/index.php\/wp-json\/wp\/v2\/product_cat?post=63"},{"taxonomy":"product_tag","embeddable":true,"href":"https:\/\/wc.kapipago.com\/index.php\/wp-json\/wp\/v2\/product_tag?post=63"}],"curies":[{"name":"wp","href":"https:\/\/api.w.org\/{rel}","templated":true}]}}